of w and 11.
11
Suppose -5*f = -b + 22 - 6, -2*b - f - 1 = 0. What is the greatest common factor of 1 and b?
1
Suppose -5*l + 16 = -l. Let t be 8*(-1 - (-30)/l). Calculate the greatest common factor of 13 and t.
13
Suppose -3*r - 22 = 20. Let p = -5 - r. Suppose 0 = 3*a - 3*j + 2*j - 6, -5*a = -2*j - p. What is the highest common factor of a and 1?
1
Let c(s) be the second derivative of -s**5/20 - s**4/12 - s**3/6 - 4*s. Let p be c(-2). What is the highest common divisor of 54 and p?
6
Suppose 2*k = 3*k - 80. Suppose -b = -6*b + 10. Suppose b*u = u + 10. What is the greatest common divisor of u and k?
10
Let m(q) = -6*q - q**2 - 5 + 3*q + 7*q + 9*q. Let g be m(12). What is the greatest common factor of g and 7?
7
Suppose -4*m + 68 = -3*m + 4*v, -m = -2*v - 92. Calculate the greatest common factor of 28 and m.
28
Suppose 0 = g + 3, g + 2*g = -5*q + 101. Let a = -25 + 58. Calculate the highest common divisor of a and q.
11
Let w be (-2 + -10)/(6/(-4)). Let h(y) = 2*y**3 - 2*y**2 + y + 2. Let c be h(2). What is the highest common factor of c and w?
4
Let r be (-14)/4*(-16)/28. Suppose 0 = -r*m - 0 + 4. Suppose 0 = m*j + 2*j - 80. What is the highest common factor of j and 40?
20
Suppose 4*o - 335 = -o. Suppose -2*t + 9 = -o. Calculate the greatest common divisor of t and 19.
19
Let o(w) = w**2 - 4*w + 9. Let q be (-1)/((-24)/20 + 1). Let a be o(q). What is the greatest common divisor of a and 42?
14
Let y be ((-4)/(-6))/(7/21). Let j = 8 - y. Calculate the highest common factor of j and 6.
6
Suppose -k = -2*s + 11, s + 4*s - 50 = -5*k. Suppose -2*o + 147 = o. What is the highest common factor of s and o?
7
Suppose 3*w - 862 = 5. What is the highest common divisor of w and 17?
17
Suppose 0 = 4*d - 431 - 33. Suppose 0 = -5*b + 4 + d. Suppose 0 = -5*i + b + 21. Calculate the highest common factor of i and 9.
9
Suppose -3*a = 2*a - 15. Suppose 0 = 4*d - 0*z - z - 28, -5*d = -a*z - 28. Calculate the greatest common divisor of d and 8.
8
Let m be (4/(-10))/((-5)/25). Suppose 2*h + 0*c = -5*c - 18, 2*h + m*c = -6. What is the greatest common factor of h and 7?
1
Suppose -199 + 10 = -9*g. Let s(k) = -k**3 + 2*k**2 + k. Let o be s(-2). Calculate the highest common divisor of o and g.
7
Let f(r) = -r**2 - 13*r + 7. Let y be f(-8). Let s = 71 - y. Calculate the highest common factor of 36 and s.
12
Suppose 19*w - 16*w = 240. Let r = -26 + 36. Calculate the greatest common divisor of r and w.
10
Let j = 16 + -4. What is the highest common factor of j and 48?
12
Let o(n) = 13*n - 1. Let x be o(2). What is the greatest common divisor of x and 100?
25
Suppose -4*i = 21 - 261. Suppose 0 = -2*f - 5*s + 15, -3*f = -f - 2*s - 36. Calculate the greatest common divisor of f and i.
15
Suppose 4*f + 7 - 27 = 0. Suppose p + 8 = -0*p - f*b, 0 = -2*p + 4*b - 2. Let t be -32*p/(-6)*-1. Calculate the greatest common divisor of t and 16.
16
Let y be 3/(2*1/6). Let o(n) = -n**2 - 21*n - 9. Let c be o(-15). What is the highest common divisor of y and c?
9
Let v = -6 + 3. Let n be -1 + (12 - (v + 2)). What is the greatest common divisor of n and 6?
6
Suppose -20 = -5*h, j - 4*h + h = 23. What is the highest common divisor of j and 14?
7
Let j(t) = -t - 9. Let m be j(-7). Let p be m/(-7) + (-225)/(-21). Let l be -2*11*5/(-10). Calculate the greatest common divisor of l and p.
11
Let k be (64/(-20))/(4/(-50)). Calculate the greatest common factor of 8 and k.
8
Let c(j) = 193*j**2 + 5*j + 4. Let v be c(-1). What is the highest common factor of 32 and v?
32
Suppose 5*p - m - 8 = -2*m, 2*p + 4*m = 14. Let g be 1*(-1 - p) - -4. Let s be (8/g)/(4/2). What is the highest common divisor of 2 and s?
2
Let v = 12 + 9. Suppose -v = -4*f + 27. Calculate the highest common factor of f and 48.
12
Suppose -d + 28 = 4*s, -2*s + s + 121 = 5*d. Calculate the greatest common factor of 32 and d.
8
Let z be 1 + -1 - (-18)/(-3). Let y be (3/(-9))/((-2)/z). Let k be (6 - y) + (-6 - -3). What is the highest common factor of 2 and k?
2
Let b(h) = -h**3 + 8*h**2 + 4. Let y be -5 - -3 - (-20)/2. Let s be b(y). Calculate the highest common factor of s and 44.
4
Let f = 15 + -6. What is the highest common divisor of f and 63?
9
Let y(x) be the third derivative of -x**5/60 + x**4/24 - 4*x**3 + x**2. Let j be y(0). Let c = j - -94. Calculate the highest common factor of 10 and c.
10
Let b(q) = 6*q - 7. Let w be b(-7). Let c = w - -70. What is the highest common factor of c and 105?
21
Let z be (-258)/(-10) + 1/5. Suppose -5*p = -3*j + z, 0 = 3*j + p - 3*p - 14. Let m = j + 0. Calculate the greatest common factor of m and 3.
1
Let r(z) = z + 8. Let c be r(-4). Suppose -2*s = -4*n + 190, 3*s = c*n - 214 + 29. Suppose -q = q - n. What is the highest common divisor of q and 5?
5
Let y(k) = -k - 1. Let v be y(-2). Let n(t) = 0 - 2*t + 4 + 0*t + 3*t. Let f be n(0). Calculate the highest common divisor of v and f.
1
Let f(o) = 6*o**2 - 5*o - 4. Let h be f(2). What is the greatest common divisor of h and 25?
5
Suppose 14 = -5*x + 119. Let h = -8 + 22. What is the highest common divisor of x and h?
7
Suppose 4*y = -5*q + 9, 0 = 3*y - q - 2*q. Let h be 0/(-1*(y - 2)). Suppose -2*a + h + 108 = 0. Calculate the greatest common divisor of a and 6.
6
Suppose 0 = -3*m + 6*m + 9. Let p = 1 + -2. Let x be (p/(-2))/(m/(-36)). Calculate the greatest common divisor of 18 and x.
6
Let j = -1 - -1. Suppose j*m = m - 1. Suppose 6*h - h = 55. What is the highest common factor of m and h?
1
Suppose -78 = -12*h + 11*h. Calculate the greatest common divisor of h and 117.
39
Suppose 2*m + 2*t = 7 + 1, 31 = 4*m - t. Calculate the highest common factor of m and 14.
7
Let f = -13 - -21. Let o = -232 + 125. Let t = o - -179. Calculate the highest common divisor of t and f.
8
Let x = 26 - 11. What is the highest common factor of 30 and x?
15
Let z be 2/(-1)*(2 + -4). Calculate the greatest common factor of 44 and z.
4
Let d = 31 + 86. Calculate the highest common divisor of 9 and d.
9
Let n(j) = 20*j. Let f be n(1). Suppose -3*s - s = -f. What is the greatest common factor of 45 and s?
5
Let t = 1 - 11. Let x be t/35 - (-4)/14. Suppose -2*r + 2*d = -38, r - 2*d + 4*d - 34 = x. What is the highest common divisor of r and 36?
12
Let l = -14 + 16. Suppose 5*c + 36 = 2*f + 3*c, f + l*c = 27. What is the greatest common factor of 3 and f?
3
Let p(s) = s**2 - 8*s - 10. Let k be p(10). Suppose 0 = 2*v - 0*v - 40. What is the greatest common divisor of k and v?
10
Suppose -4*m + n + 4 = 5*n, 0 = m - 3*n - 5. Suppose 3*o - 16 = 2*d, -3*o - 3*d - d = -40. Calculate the highest common factor of o and m.
2
Suppose 4 = -3*g + 40. What is the highest common divisor of 18 and g?
6
Suppose 4*y + 6 = 30. Let n be 315/y*8/10. Calculate the greatest common divisor of 7 and n.
7
Let h be -7 + 8 - 4/(-2). What is the highest common factor of 33 and h?
3
Let z(a) = -a + 8. Let y be z(5). Suppose y*u - 31 = 2*u + 2*l, u + l - 43 = 0. Calculate the greatest common divisor of 13 and u.
13
Suppose -7*x = -5*x - 30. What is the highest common divisor of x and 15?
15
Suppose -5 = 5*c - 0. Let b be (c + -2)*(-1)/1. Let s be (-304)/(-24) + 4/(-6). What is the highest common divisor of s and b?
3
Let q = -11 + 31. What is the greatest common divisor of q and 50?
10
Suppose -3*j + 27 = 9. What is the highest common factor of 54 and j?
6
Let n = 50 - 11. Suppose 2*a + 3*w - 7 = 0, 5*w = -4*a + w + 4. Let k = a + 17. What is the greatest common divisor of n and k?
13
Let m = 52 - 12. What is the highest common divisor of 440 and m?
40
Suppose 4*t = 10 + 22. Suppose 4*n = j + 284, 0*j - 12 = -3*j. What is the greatest common divisor of n and t?
8
Let b be (-1)/(-1) - 84/(-7). Calculate the highest common divisor of b and 117.
13
Suppose 0 = 20*o + 42 - 222. Calculate the greatest common divisor of 15 and o.
3
Let v(y) be the third derivative of y**6/20 + y**5/60 - y**3/6 - 4*y**2. Let o be v(1). Calculate the highest common divisor of o and 3.
3
Suppose -2*k + w = -0*k - 15, 0 = 4*w - 20. Suppose x - k = 11. Calculate the greatest common factor of 189 and x.
21
Let y be 2/(-8) - (-187)/(-4). Let l be (y - 1)*8/(-6). Calculate the highest common factor of l and 8.
8
Suppose -3*g - 16 = -4*g. Calculate the highest common factor of 24 and g.
8
Let h be (-7 - -9) + 2/2. Supp